 Suppose l*b - 4 = -32. Determine c(b).
2
Let d(t) = 19*t - 7. Let y be (6/8)/(20/(-160)). Let j(k) = -21*k + 8. Let p(f) = y*j(f) - 7*d(f). Suppose -5*m + 10 = -10*m. Determine p(m).
15
Let u(i) be the first derivative of i**3/3 - 3*i**2 - 4*i + 4662. Determine u(-3).
23
Let c(i) = i**2 + i - 16. Suppose 225*m - 444 = 681. Determine c(m).
14
Let z(s) = -s**3 + 6*s**2 + 8*s - 10. Suppose -4*k + 5*a + 8 = 0, 16*a = k + 11*a + 13. Determine z(k).
-3
Let a(f) = 281*f + 8455. Let j be a(-30). Let v(y) = -y**3 + 25*y**2 + y + 30. Give v(j).
55
Let r(k) = -7*k**3 - 1. Suppose v - 2 = -4. Let c be 10/v + 1/(4/16). Let g be 10/15 + c/(-3). Determine r(g).
-8
Let m(i) = -i**2 + 17*i - 16. Let a be m(16). Let h(p) = -20 + 4*p**2 - 19 + 61 - 18 - 3*p**2. Determine h(a).
4
Let x(p) = -p**2 + 3*p - 13. Suppose 24*u - 204 = 19*u - 29*u. Determine x(u).
-31
Let r be (-1)/((-4)/(-16)*-2). Suppose -u = -4*h + r, -u + 0 + 1 = -h. Let d(m) = 9*m - 1. What is d(h)?
8
Let h(v) = 15082*v - 7533*v - v**2 - 3 - 7561*v. Determine h(-13).
-16
Let q(i) be the third derivative of -19*i**8/20160 - i**6/720 + i**5/20 - i**2 + 4. Let j(b) be the third derivative of q(b). Give j(1).
-20
Let x(s) = s**2 + 43*s + 443. Suppose -3*c + j - 205 = -128, c = j - 25. Give x(c).
1
Let u(z) = z**2 + 14*z - 69. Suppose 41*a - 4860 = 311*a. Give u(a).
3
Suppose -3 + 3 = -2*a. Let g(h) = -h - 3*h**2 + 17*h**2 - 2*h**2 - 21 - 13*h**2. Calculate g(a).
-21
Let a(p) = -40 - 53 + 29 + 8*p - 13 - 31. Give a(14).
4
Let h(b) = 119 + 19 - 24 - 31 + 7*b + 89. Calculate h(-21).
25
Suppose -3*p - 12 = 0, 3*w = -w - p + 32. Let f be 12/w - 3/(-27)*-3. Let l = -3 + f. Let x(m) = m**3 + 2*m + 1. What is x(l)?
-11
Let d(m) = m**2 - 12*m - 105. Let b be d(-6). Let u(x) = -22*x**3 + 3*x - 4*x - x**2 + 2 - b + 2 - 3*x**3. Let i(n) = n. Let k be i(1). Calculate u(k).
-26
Let y = -976 - -971. Let l(m) = -5*m + 2 + 15 - 2*m + 9*m. Calculate l(y).
7
Let p(t) = -t - 2. Let o(x) = -39*x - x**3 + 35*x + 5*x**2 + 8 - 9. Let r be o(4). Let j be (12 - 14)*(-2)/(2/r). Give p(j).
0
Let k(s) be the third derivative of s**6/120 + 2*s**5/15 + 17*s**4/24 + s**3/2 - s**2 + 344*s - 2. Give k(-7).
-67
Suppose 5*m = 6*h - 5*h + 28, -h = -2*m + 7. Let c(p) = -11*p + 42. Give c(h).
-35
Let y(z) = 12*z + 79. Suppose 500 = -402*r + 98*r - 2540. Determine y(r).
-41
Let s(v) = -v**2 - 8*v - 4. Suppose 0 = 2*d + 10 + 8. Let n be ((-40)/(-12))/((-6)/d). Suppose 4*b = j - n*j - 56, -11 = 4*b - 5*j. What is s(b)?
-13
Let i(g) = 5*g - 6*g - 13 - 4*g**2 + 3*g**2 + g**3. Let s be (6 + (-72)/12*(4 + -3))/1. What is i(s)?
-13
Suppose 34*t - 20 = 30*t. Suppose -t*l + 20 = 5*i, 5*l - 3*l + i = 5. Let g(u) = -u**3 - 498*u**2 + 0 + 493*u**2 + l. What is g(-4)?
-15
Let x(y) = 1 - 1 + 8*y - 9*y**2 + y**3 + 1 - 7. Let p = 1090 + -1082. Calculate x(p).
-6
Suppose 15*c = 366 + 84. Suppose -32 - 118 = c*f. Let y(k) = 3*k + 3. What is y(f)?
-12
Let c(o) = o**2 + o + 1. Let n(q) = 2*q**3 - 5*q**2 - 2*q - 5. Let d(t) = -3*c(t) - n(t). Suppose -2*h - p + 6 = 0, 2*h - 4*h - 4*p + 12 = 0. Calculate d(h).
-8
Let h(a) be the third derivative of -a**5/60 + a**4/6 + 2*a**3/3 - a**2. Suppose -13*w = -10*w + 12. Calculate h(w).
-28
Let m(c) = 2*c + 2. Let z(d) = d + 3. Let n be (-4)/7 - (1 - (-240)/70). Let h be z(n). What is m(h)?
-2
Let m(z) = -z**2 + 4. Suppose 0 = 2*y + 12 - 20. Suppose -24 = -2*o + 4*l + 6, -y*l = 0. Suppose -13*t = -8*t + o. Determine m(t).
-5
Let p(h) = -h**2 + 19*h - 52. Suppose 2284 = 155*y + 273 - 314. Determine p(y).
8
Let h = -59 - -87. Let y = h + -19. Let t(v) = -1. Let m(p) = -p + 6. Let r(s) = -m(s) + 5*t(s). Determine r(y).
-2
Let k(z) = -2*z**2 + 20*z + 19. Suppose -4*p + 63 = 5*b, -13*b + 28 = -11*b + 3*p. Give k(b).
-3
Suppose -v - 282 = -82. Let n = v - -200. Let l(q) = -q**2 - 2*q - 13. Calculate l(n).
-13
Let v(n) be the second derivative of -n**3/2 - 81*n**2 - 4877*n. What is v(-48)?
-18
Let d(u) = u**3 - 8*u**2 + 5*u + 6. Let n = -375 - -384. Suppose -4*v + 43 = -14*t + n*t, v - 4*t = 19. What is d(v)?
-8
Let p(j) be the third derivative of j**4/24 + j**3/6 + 36*j**2 - 2. Let c be p(0). Let o(l) = -11*l. Give o(c).
-11
Suppose -9*y + 156 = 4*v - 8*y, -y = -2*v + 84. Let c(q) = -81*q + q**3 + 87*q + 1 + v*q**2 - 49*q**2. What is c(8)?
-15
Let x(k) = -809*k + 0 + 3 + 806*k + 3. Suppose 0 = -8*a + 2*a. Suppose 5*y + 66 - 16 = 5*l, -5*l + 4*y + 46 = a. Determine x(l).
-12
Let j(i) be the first derivative of -i**3 + 5*i**2/2 + 2*i - 151. Determine j(-3).
-40
Let w = -7 + 11. Let y(g) = -4 + 19 + 6*g + 13. Let i(d) = 2*d + 10. Let h(o) = 8*i(o) - 3*y(o). Give h(w).
-12
Let v(q) = -10*q + 1. Let k(d) be the first derivative of 13*d**2/2 - 77*d - 125. Let y be k(6). Calculate v(y).
-9
Let y(x) = -x**3 - 31*x**2 + 37*x + 13. Let t be y(-32). Let c = -146 - t. Let u(m) = -6*m**2 - m + 1. What is u(c)?
-6
Suppose -6*q + 35*q = -2*q - 124. Let v(i) = -i**3 + i**2 + 6*i. Calculate v(q).
56
Let b(p) = -p - 14. Let d be b(-17). Suppose 2*o - d*m = 7 + 22, -o + 27 = -4*m. Let i(g) = o - 15*g - 10 + 14*g. Give i(3).
-6
Let x(f) be the third derivative of f**5/60 + 5*f**4/8 - 3*f**3/2 - 386*f**2. Determine x(-16).
7
Suppose -735 + 714 = 7*r. Let m(w) = 4*w**2 + 6*w - 4. What is m(r)?
14
Let v(s) = -2*s - 5. Suppose -4*p + 13 - 1 = 4*y, 4*p + 2*y - 4 = 0. Let a be (12 + -12)*((-3)/(-3))/p. Calculate v(a).
-5
Let a(w) = 13*w**2 + 39*w - 32. Let n(l) = 5*l**2 + 13*l - 11. Let h(u) = 3*a(u) - 8*n(u). Suppose -2*i = -2 - 4, 0 = 3*x - 4*i - 12. Determine h(x).
32
Let v(g) = 0 - 8*g + 0*g**2 + 8 - 6 + 6*g**2 + g**3. Let k = 3 + -5. Let n be (-4)/k + (-12)/(-8)*-6. Calculate v(n).
9
Let g be 19644/54 + 14/63. Let h = g - 367. Let t(a) = a**3 + 5*a**2 + 3*a + 3. Determine t(h).
12
Let i(f) = -3*f + 42. Let s(x) = 6*x - 44. Let o(h) = -5*i(h) - 4*s(h). Let a(d) = -3*d - 12. Let z(g) = -17*a(g) + 6*o(g). Determine z(5).
-15
Let w = 1256 + -1248. Let t = 9 + -4. Let p(o) = -3 - w - o + t - 2. Give p(-5).
-3
Let h(z) = -z**2 - 42*z - 3. Let f(j) = -j**2 - j - 1. Let q(w) = -4*f(w) + h(w). Let n be q(14). Let y = -57 + n. Let d(u) = -u**2 - u + 6. What is d(y)?
6
Let t(p) = -p**3 - 3*p**2 + 4*p + 1. Suppose 0 = -179*f + 182*f + 18, 3*f + 15 = c. Determine t(c).
-11
Let p(n) = n**3 - 7*n**2 + 8*n - 23. Suppose 20*t + 18*t - 124 = 104. What is p(t)?
-11
Let u(r) = -118*r + 4710. Let c be u(40). Let w(n) = -4*n - 41. Determine w(c).
-1
Let u(s) = 2*s**3 - 15*s**2 - 9*s + 8. Let j = 198 + -202. Let y(c) = -c**3 + 7*c**2 + 4*c - 4. Let p(t) = j*u(t) - 9*y(t). Calculate p(3).
4
Let r be (-2)/((-51)/12 + 4). Suppose -6*n + 10 = -2*n + 3*w, n - r = 2*w. Let s be (0*(n/(-2))/4)/(-1). Let l(i) = i**3 - i**2 + i + 13. Determine l(s).
13
Suppose -5*t + l = -31, -1320 + 1339 = 5*t - 4*l. Let o(v) = v**3 - 7*v**2 - 4*v + 15. Determine o(t).
-13
Let z = 170 - 754. Let r = 589 + z. Let c(t) = -t**2 + 5*t + 1. Determine c(r).
1
Suppose 3*w + 0*w + 5*u = -31, 0 = -5*w - 3*u - 25. Let n be -2*(12/(-8) - w). Let h(y) = -519 + 4*y**3 + 2*y - 3*y - 6*y + 518 + 5*y. Calculate h(n).
-3
Let h(c) be the second derivative of 7*c**3/3 - 12*c**2 + 25*c + 86. What is h(8)?
88
Suppose -3*p - g - 4 = 0, 2*p + 4*g = 9*g - 14. Let t(f) = -144 + 2*f - f + 140. What is t(p)?
-6
Suppose 164 + 67 = -77*o. Let w(m) = 20*m - 6. Determine w(o).
-66
Let t = -218 - -235. Let d(s) = -t + 5*s - 21*s + 12*s + 0. Give d(-7).
11
Let a(q) = -2*q**2 + 9*q - 13. Let b = -12927 - -12931. What is a(b)?
-9
Suppose o - 3*r = 2*r - 8, 2*o + 2*r = 20. Let n(t) = t**2 - t - 1. Let b(h) = 4*h**2 + 3*h - 13. Let z(d) = b(d) - 5*n(d). What is z(o)?
-1
Let i(z) = z**3 - 12*z**2 - 14*z + 6. Let k = 612 - 1047. Let t = k + 448. Give i(t).
-7
Let r = -373 - -374. Let a(i) = 24*i + 7*i - 18*i. Determine a(r).
13
Suppose 0 = 19*v - 14*v + 30, -3*b - 4*v - 36 = 0. Let c(f) = -f**2 - f + 8. Give c(b).
-4
Let b = 19 - 11. Suppose 154*s = 158*s - 201956. Let v(n) = -50490*n + s*n + 6 + 3. Calculate v(b).
1
Let o be (-1 + -1)*9/24*(-8)/(-6). Let x(k) = -9*k**3 + 3*k + 1 - k - 7*k**3. Calculate x(o).
15
Suppose f + 1056 = -28*f - 19*f. Let l(a) = 4*a + 85. Calculate l(f).
-3
Let u(s) = -s**2 + 21*s + 138. Let a be u(-5). Let d(g) = -g**3 + 7*g**2 + 13*g - 13. Determine d(a).
27
Let f(x) = -5*x - 86. Let z(k) = 5*k + 98.